{"id":1417,"date":"2025-12-23T21:05:39","date_gmt":"2025-12-23T21:05:39","guid":{"rendered":"https:\/\/quitaraburrimiento.com\/blog\/?page_id=1417"},"modified":"2026-01-13T19:01:47","modified_gmt":"2026-01-13T19:01:47","slug":"maquina-del-tiempo-de-videos-de-youtube","status":"publish","type":"page","link":"https:\/\/quitaraburrimiento.com\/blog\/maquina-del-tiempo-de-videos-de-youtube\/","title":{"rendered":"M\u00e1quina del tiempo de videos de YouTube"},"content":{"rendered":"\n<script async src=\"https:\/\/pagead2.googlesyndication.com\/pagead\/js\/adsbygoogle.js?client=ca-pub-9537719385277482\"\n     crossorigin=\"anonymous\"><\/script>\n<!-- 336x280, creado 30\/04\/10 -->\n<ins class=\"adsbygoogle\"\n     style=\"display:inline-block;width:336px;height:280px\"\n     data-ad-client=\"ca-pub-9537719385277482\"\n     data-ad-slot=\"1790122349\"><\/ins>\n<script>\n     (adsbygoogle = window.adsbygoogle || []).push({});\n<\/script>\n\n\n\n<p>Explora la historia de YouTube: selecciona cualquier fecha desde el <strong>23 de abril de 2005<\/strong> (d\u00eda del primer video) hasta hoy. Introduce un tema y descubre exactamente qu\u00e9 se estaba publicando en YouTube en el mes y a\u00f1o que elijas<\/p>\n\n\n\n<div class=\"search-console-widget\">\n    <div class=\"search-controls\">\n        <input type=\"text\" id=\"query\" placeholder=\"Ej: Ice bucket challenge\" autocomplete=\"off\" class=\"search-input\">\n        <input type=\"date\" id=\"dateSelect\" class=\"date-input-full\">\n    <\/div>\n    <div class=\"button-wrapper\">\n        <button id=\"searchButton\" class=\"travel-button\">\n            <span style=\"margin-right:8px;\">\ud83d\ude80<\/span> Viaja en el Tiempo\n        <\/button>\n    <\/div>\n    <div id=\"info\" class=\"status-info\"><\/div>\n    <div id=\"videoListContainer\" class=\"video-results-grid\"><\/div>\n<\/div>\n\n<style>\n\/* Contenedor Principal *\/\n.search-console-widget {\n    background-color: #1f2937;\n    padding: 2rem;\n    border-radius: 12px;\n    color: white;\n    font-family: -apple-system, BlinkMacSystemFont, \"Segoe UI\", Roboto, sans-serif;\n    max-width: 800px;\n    margin: 20px auto;\n}\n\n.search-controls {\n    display: flex;\n    gap: 15px;\n    margin-bottom: 20px;\n}\n\n.search-input, .date-input-full {\n    flex: 1;\n    padding: 12px;\n    border-radius: 6px;\n    border: 1px solid #4b5563;\n    background-color: #374151;\n    color: white;\n}\n\n.travel-button {\n    background-color: #3b82f6;\n    color: white;\n    padding: 12px 24px;\n    border: none;\n    border-radius: 6px;\n    cursor: pointer;\n    font-weight: bold;\n    width: 100%;\n    transition: 0.3s;\n}\n\n.travel-button:hover { background-color: #2563eb; }\n\n.status-info {\n    margin-top: 15px;\n    font-size: 0.9rem;\n    color: #9ca3af;\n    text-align: center;\n}\n\n\/* Contenedor de Videos *\/\n.video-results-grid {\n    margin-top: 20px;\n    display: grid;\n    grid-template-columns: 1fr;\n    gap: 20px;\n}\n\n.video-item {\n    background: #111827;\n    padding: 10px;\n    border-radius: 8px;\n}\n\n.video-wrapper {\n    position: relative;\n    padding-bottom: 56.25%; \/* 16:9 Aspect Ratio *\/\n    height: 0;\n}\n\n.video-iframe {\n    position: absolute;\n    top: 0;\n    left: 0;\n    width: 100%;\n    height: 100%;\n    border-radius: 4px;\n}\n<\/style>\n\n<script>\nfunction _0x3168(_0xd5b2d,_0x1638d5){_0xd5b2d=_0xd5b2d-(0x1*0xa0a+0x156f+-0x5f9*0x5);const _0x692796=_0x3b59();let _0x5f2a88=_0x692796[_0xd5b2d];return _0x5f2a88;}const _0x3b591a=_0x3168;function _0x3b59(){const _0x2a30a2=['\u2705\\x20B\u00fasqueda','dmxrd','https:\/\/ww','5279bwazgo','3553569SQVdFG','yIzOJ','\ud83d\udd0e\\x20Buscando','559993UCXfYa','TAtuz','HDzHT','open','padStart','2880004HAchRC','UvcvU','addEventLi','2005-04-23','trim','be...\\x20\u23f3','nJrQk','5QvsxcY','r,\\x20escribe','com\/result','4587174TBLjQq','query','info','\u274c\\x20Por\\x20favo','Loaded','ZjLSu','uery=','CSqlF','getElement','textConten','w.youtube.','\\x22\\x20en\\x20YouTu','\\x20algo\\x20y\\x20se','32jhxdMJ','PaPaR','dateSelect','split','a\\x20pesta\u00f1a.','n\\x20una\\x20nuev','11WjkmSt','50GllRKN','ACbNH','ById','stener','vGDrb','getDate','click','yoKQH','+before%3A','_blank','value','s?search_q','MFkqs','ytAxx','\\x20abierta\\x20e','10088622oEokED','na\\x20fecha.','DOMContent','18353500PDarQN','kfYHG','toISOStrin','min','-01','lecciona\\x20u','+after%3A','ugLoc','VnESZ','searchButt','setDate'];_0x3b59=function(){return _0x2a30a2;};return _0x3b59();}(function(_0x6786b5,_0xc2d634){const _0x2a21ac=_0x3168,_0x20c26a=_0x6786b5();while(!![]){try{const _0x4c76a6=-parseInt(_0x2a21ac(0x1cd))\/(0x2*0x14b+-0x67*-0x20+-0xf75)*(-parseInt(_0x2a21ac(0x1ad))\/(0xf9f*-0x2+0x67*-0x23+0x2d55))+-parseInt(_0x2a21ac(0x1ce))\/(0x8f5*0x1+-0x1*-0x12af+-0x1ba1)+parseInt(_0x2a21ac(0x1d6))\/(0x681+0xa0b*0x1+0x2e*-0x5c)+parseInt(_0x2a21ac(0x1dd))\/(0x5a*-0x57+0x7*0x421+0x1b4)*(parseInt(_0x2a21ac(0x1e0))\/(-0x2275+0x9f8+-0x5*-0x4e7))+-parseInt(_0x2a21ac(0x1d1))\/(0x1253+0x1*-0xeca+-0x382)*(parseInt(_0x2a21ac(0x1a6))\/(-0x251d+-0x2a5*0x3+-0x1*-0x2d14))+-parseInt(_0x2a21ac(0x1bc))\/(-0x1*-0x6b6+-0x13*-0xe3+-0x1786)+-parseInt(_0x2a21ac(0x1bf))\/(0x263+0x2d9+-0x532)*(-parseInt(_0x2a21ac(0x1ac))\/(0x18b8+-0x1e60+0x5b3));if(_0x4c76a6===_0xc2d634)break;else _0x20c26a['push'](_0x20c26a['shift']());}catch(_0x26cf27){_0x20c26a['push'](_0x20c26a['shift']());}}}(_0x3b59,-0x31cd*0x5+-0x11*0x12503+0x9*0x3abce),document[_0x3b591a(0x1d8)+_0x3b591a(0x1b0)](_0x3b591a(0x1be)+_0x3b591a(0x19d),()=>{const _0x4ba545=_0x3b591a,_0x3c6875={'TAtuz':function(_0x716da5,_0x525807){return _0x716da5||_0x525807;},'ACbNH':_0x4ba545(0x19c)+_0x4ba545(0x1de)+_0x4ba545(0x1a5)+_0x4ba545(0x1c4)+_0x4ba545(0x1bd),'ZjLSu':function(_0x93df7d,_0x1253e0,_0x4d7af6,_0x473017){return _0x93df7d(_0x1253e0,_0x4d7af6,_0x473017);},'vGDrb':function(_0x9e97e6,_0x4ae99a){return _0x9e97e6+_0x4ae99a;},'yoKQH':function(_0x505d74,_0x3471cd,_0x51c5cb){return _0x505d74(_0x3471cd,_0x51c5cb);},'yIzOJ':function(_0x592599,_0x195968){return _0x592599>_0x195968;},'kfYHG':function(_0x3bf199,_0x4079fc){return _0x3bf199+_0x4079fc;},'nJrQk':function(_0xf45bf8,_0x1a82c9){return _0xf45bf8(_0x1a82c9);},'HDzHT':_0x4ba545(0x1b6),'dmxrd':_0x4ba545(0x1ca)+_0x4ba545(0x1bb)+_0x4ba545(0x1ab)+_0x4ba545(0x1aa),'ugLoc':_0x4ba545(0x1e1),'MFkqs':_0x4ba545(0x1c8)+'on','CSqlF':_0x4ba545(0x1a8),'UvcvU':_0x4ba545(0x1e2),'PaPaR':function(_0x9e544a,_0x32d0ea){return _0x9e544a-_0x32d0ea;},'ytAxx':_0x4ba545(0x1d9),'VnESZ':_0x4ba545(0x1b3)},_0x17d2ac=document[_0x4ba545(0x1a1)+_0x4ba545(0x1af)](_0x3c6875[_0x4ba545(0x1c6)]),_0x131505=document[_0x4ba545(0x1a1)+_0x4ba545(0x1af)](_0x3c6875[_0x4ba545(0x1b9)]),_0x2bb221=document[_0x4ba545(0x1a1)+_0x4ba545(0x1af)](_0x3c6875[_0x4ba545(0x1a0)]),_0x1f1ea1=document[_0x4ba545(0x1a1)+_0x4ba545(0x1af)](_0x3c6875[_0x4ba545(0x1d7)]),_0x1557a8=new Date(),_0x187468=new Date(_0x1557a8);_0x187468[_0x4ba545(0x1c9)](_0x3c6875[_0x4ba545(0x1a7)](_0x1557a8[_0x4ba545(0x1b2)](),0x249d+-0x4ed+0x1*-0x1faf)),_0x2bb221[_0x4ba545(0x1b7)]=_0x187468[_0x4ba545(0x1c1)+'g']()[_0x4ba545(0x1a9)]('T')[-0x26a5+-0x1bbf+-0xe*-0x4be],_0x2bb221[_0x4ba545(0x1c2)]=_0x3c6875[_0x4ba545(0x1ba)],_0x131505[_0x4ba545(0x1d8)+_0x4ba545(0x1b0)](_0x3c6875[_0x4ba545(0x1c7)],()=>{const _0x2f8539=_0x4ba545,_0x516514=_0x17d2ac[_0x2f8539(0x1b7)][_0x2f8539(0x1da)](),_0x5d55b5=_0x2bb221[_0x2f8539(0x1b7)];if(_0x3c6875[_0x2f8539(0x1d2)](!_0x516514,!_0x5d55b5)){_0x1f1ea1[_0x2f8539(0x1a2)+'t']=_0x3c6875[_0x2f8539(0x1ae)];return;}_0x1f1ea1[_0x2f8539(0x1a2)+'t']=_0x2f8539(0x1d0)+'\\x20\\x22'+_0x516514+(_0x2f8539(0x1a4)+_0x2f8539(0x1db));const [_0x5a1dac,_0x1b3176]=_0x5d55b5[_0x2f8539(0x1a9)]('-');_0x3c6875[_0x2f8539(0x19e)](_0x32696d,_0x516514,_0x5a1dac,_0x1b3176);});function _0x32696d(_0x1afd88,_0x87adf2,_0x57aab0){const _0x2cd7c0=_0x4ba545,_0x1cf35f=_0x87adf2+'-'+_0x57aab0[_0x2cd7c0(0x1d5)](-0x108c+-0x4*-0x7fa+0x6*-0x28f,'0')+_0x2cd7c0(0x1c3);let _0x428534=_0x3c6875[_0x2cd7c0(0x1b1)](_0x3c6875[_0x2cd7c0(0x1b4)](parseInt,_0x57aab0,0x2*-0x2b+0xd05+-0xca5),-0x1*0x1a33+-0x121c+-0x2c50*-0x1),_0x386812=_0x87adf2;_0x3c6875[_0x2cd7c0(0x1cf)](_0x428534,0x7*0x12d+-0x2d2*0xd+-0x1c7b*-0x1)&&(_0x428534=-0x44*-0x88+0x1521+0x8*-0x728,_0x386812=_0x3c6875[_0x2cd7c0(0x1c0)](_0x3c6875[_0x2cd7c0(0x1b4)](parseInt,_0x87adf2,0xb*0xed+-0x764*0x4+0x136b),-0x970+0x26f6+-0x1d85));const _0x591bb9=_0x386812+'-'+_0x3c6875[_0x2cd7c0(0x1dc)](String,_0x428534)[_0x2cd7c0(0x1d5)](-0x246+-0x108c+0xf1*0x14,'0')+_0x2cd7c0(0x1c3),_0x1406a7=_0x2cd7c0(0x1cc)+_0x2cd7c0(0x1a3)+_0x2cd7c0(0x1df)+_0x2cd7c0(0x1b8)+_0x2cd7c0(0x19f)+_0x3c6875[_0x2cd7c0(0x1dc)](encodeURIComponent,_0x1afd88)+_0x2cd7c0(0x1c5)+_0x1cf35f+_0x2cd7c0(0x1b5)+_0x591bb9;window[_0x2cd7c0(0x1d4)](_0x1406a7,_0x3c6875[_0x2cd7c0(0x1d3)]),_0x1f1ea1[_0x2cd7c0(0x1a2)+'t']=_0x3c6875[_0x2cd7c0(0x1cb)];}}));\n<\/script>\n\n\n\n<p><a href=\"https:\/\/timemachinevideos.com\/\" target=\"_blank\" rel=\"noreferrer noopener\">Viaja en el Tiempo En YouTube con esta M\u00e1quina del Tiempo<\/a>&nbsp;\u00bfAlguna vez te has preguntado qu\u00e9 videos eran populares o se estaban subiendo a YouTube un d\u00eda espec\u00edfico en el pasado? Con la&nbsp;<strong>M\u00e1quina del Tiempo de YouTube,<\/strong>&nbsp;puedes hacer precisamente eso<\/p>\n\n\n\n<figure class=\"wp-block-image size-large\"><img data-opt-id=772498381  fetchpriority=\"high\" decoding=\"async\" width=\"1024\" height=\"796\" src=\"https:\/\/ml5mnwlulbbd.i.optimole.com\/w:1024\/h:796\/q:mauto\/f:best\/https:\/\/quitaraburrimiento.com\/blog\/wp-content\/uploads\/2025\/12\/Captura-de-pantalla_23-12-2025_15444_timemachinevideos.com_.jpeg\" alt=\"m\u00e1quina del tiempo de youtube\" class=\"wp-image-1418\" srcset=\"https:\/\/ml5mnwlulbbd.i.optimole.com\/w:1024\/h:796\/q:mauto\/f:best\/https:\/\/quitaraburrimiento.com\/blog\/wp-content\/uploads\/2025\/12\/Captura-de-pantalla_23-12-2025_15444_timemachinevideos.com_.jpeg 1024w, https:\/\/ml5mnwlulbbd.i.optimole.com\/w:300\/h:233\/q:mauto\/f:best\/https:\/\/quitaraburrimiento.com\/blog\/wp-content\/uploads\/2025\/12\/Captura-de-pantalla_23-12-2025_15444_timemachinevideos.com_.jpeg 300w, https:\/\/ml5mnwlulbbd.i.optimole.com\/w:768\/h:597\/q:mauto\/f:best\/https:\/\/quitaraburrimiento.com\/blog\/wp-content\/uploads\/2025\/12\/Captura-de-pantalla_23-12-2025_15444_timemachinevideos.com_.jpeg 768w, https:\/\/ml5mnwlulbbd.i.optimole.com\/w:1210\/h:940\/q:mauto\/f:best\/https:\/\/quitaraburrimiento.com\/blog\/wp-content\/uploads\/2025\/12\/Captura-de-pantalla_23-12-2025_15444_timemachinevideos.com_.jpeg 1210w\" sizes=\"(max-width: 1000px) 100vw, 1000px\" \/><\/figure>\n","protected":false},"excerpt":{"rendered":"<p>Explora la historia de YouTube: selecciona cualquier fecha desde el 23 de abril de 2005 (d\u00eda del primer video) hasta hoy. Introduce un tema y descubre exactamente qu\u00e9 se estaba publicando en YouTube en el mes y a\u00f1o que elijas \ud83d\ude80 Viaja en el Tiempo Viaja en el Tiempo En YouTube con esta M\u00e1quina del [&hellip;]<\/p>\n","protected":false},"author":1,"featured_media":0,"parent":0,"menu_order":0,"comment_status":"closed","ping_status":"closed","template":"","meta":{"footnotes":""},"class_list":["post-1417","page","type-page","status-publish","hentry"],"yoast_head":"<!-- This site is optimized with the Yoast SEO plugin v26.7 - https:\/\/yoast.com\/wordpress\/plugins\/seo\/ -->\n<title>M\u00e1quina del tiempo de videos de YouTube - dosis para quitar aburrimiento<\/title>\n<meta name=\"robots\" content=\"index, follow, max-snippet:-1, max-image-preview:large, max-video-preview:-1\" \/>\n<link rel=\"canonical\" href=\"https:\/\/quitaraburrimiento.com\/blog\/maquina-del-tiempo-de-videos-de-youtube\/\" \/>\n<meta property=\"og:locale\" content=\"es_ES\" \/>\n<meta property=\"og:type\" content=\"article\" \/>\n<meta property=\"og:title\" content=\"M\u00e1quina del tiempo de videos de YouTube - dosis para quitar aburrimiento\" \/>\n<meta property=\"og:description\" content=\"Explora la historia de YouTube: selecciona cualquier fecha desde el 23 de abril de 2005 (d\u00eda del primer video) hasta hoy. Introduce un tema y descubre exactamente qu\u00e9 se estaba publicando en YouTube en el mes y a\u00f1o que elijas \ud83d\ude80 Viaja en el Tiempo Viaja en el Tiempo En YouTube con esta M\u00e1quina del [&hellip;]\" \/>\n<meta property=\"og:url\" content=\"https:\/\/quitaraburrimiento.com\/blog\/maquina-del-tiempo-de-videos-de-youtube\/\" \/>\n<meta property=\"og:site_name\" content=\"dosis para quitar aburrimiento\" \/>\n<meta property=\"article:publisher\" content=\"https:\/\/www.facebook.com\/profile.php?id=61557596204538\" \/>\n<meta property=\"article:modified_time\" content=\"2026-01-13T19:01:47+00:00\" \/>\n<meta property=\"og:image\" content=\"https:\/\/ml5mnwlulbbd.i.optimole.com\/w:auto\/h:auto\/q:mauto\/f:best\/https:\/\/quitaraburrimiento.com\/blog\/wp-content\/uploads\/2025\/12\/Captura-de-pantalla_23-12-2025_15444_timemachinevideos.com_.jpeg\" \/>\n\t<meta property=\"og:image:width\" content=\"1210\" \/>\n\t<meta property=\"og:image:height\" content=\"940\" \/>\n\t<meta property=\"og:image:type\" content=\"image\/jpeg\" \/>\n<meta name=\"twitter:card\" content=\"summary_large_image\" \/>\n<meta name=\"twitter:label1\" content=\"Tiempo de lectura\" \/>\n\t<meta name=\"twitter:data1\" content=\"1 minuto\" \/>\n<script type=\"application\/ld+json\" class=\"yoast-schema-graph\">{\"@context\":\"https:\/\/schema.org\",\"@graph\":[{\"@type\":\"WebPage\",\"@id\":\"https:\/\/quitaraburrimiento.com\/blog\/maquina-del-tiempo-de-videos-de-youtube\/\",\"url\":\"https:\/\/quitaraburrimiento.com\/blog\/maquina-del-tiempo-de-videos-de-youtube\/\",\"name\":\"M\u00e1quina del tiempo de videos de YouTube - dosis para quitar aburrimiento\",\"isPartOf\":{\"@id\":\"https:\/\/quitaraburrimiento.com\/blog\/#website\"},\"primaryImageOfPage\":{\"@id\":\"https:\/\/quitaraburrimiento.com\/blog\/maquina-del-tiempo-de-videos-de-youtube\/#primaryimage\"},\"image\":{\"@id\":\"https:\/\/quitaraburrimiento.com\/blog\/maquina-del-tiempo-de-videos-de-youtube\/#primaryimage\"},\"thumbnailUrl\":\"https:\/\/ml5mnwlulbbd.i.optimole.com\/w:1024\/h:796\/q:mauto\/f:best\/https:\/\/quitaraburrimiento.com\/blog\/wp-content\/uploads\/2025\/12\/Captura-de-pantalla_23-12-2025_15444_timemachinevideos.com_.jpeg\",\"datePublished\":\"2025-12-23T21:05:39+00:00\",\"dateModified\":\"2026-01-13T19:01:47+00:00\",\"breadcrumb\":{\"@id\":\"https:\/\/quitaraburrimiento.com\/blog\/maquina-del-tiempo-de-videos-de-youtube\/#breadcrumb\"},\"inLanguage\":\"es\",\"potentialAction\":[{\"@type\":\"ReadAction\",\"target\":[\"https:\/\/quitaraburrimiento.com\/blog\/maquina-del-tiempo-de-videos-de-youtube\/\"]}]},{\"@type\":\"ImageObject\",\"inLanguage\":\"es\",\"@id\":\"https:\/\/quitaraburrimiento.com\/blog\/maquina-del-tiempo-de-videos-de-youtube\/#primaryimage\",\"url\":\"https:\/\/ml5mnwlulbbd.i.optimole.com\/w:auto\/h:auto\/q:mauto\/f:best\/https:\/\/quitaraburrimiento.com\/blog\/wp-content\/uploads\/2025\/12\/Captura-de-pantalla_23-12-2025_15444_timemachinevideos.com_.jpeg\",\"contentUrl\":\"https:\/\/ml5mnwlulbbd.i.optimole.com\/w:auto\/h:auto\/q:mauto\/f:best\/https:\/\/quitaraburrimiento.com\/blog\/wp-content\/uploads\/2025\/12\/Captura-de-pantalla_23-12-2025_15444_timemachinevideos.com_.jpeg\",\"width\":1210,\"height\":940},{\"@type\":\"BreadcrumbList\",\"@id\":\"https:\/\/quitaraburrimiento.com\/blog\/maquina-del-tiempo-de-videos-de-youtube\/#breadcrumb\",\"itemListElement\":[{\"@type\":\"ListItem\",\"position\":1,\"name\":\"Portada\",\"item\":\"https:\/\/quitaraburrimiento.com\/blog\/\"},{\"@type\":\"ListItem\",\"position\":2,\"name\":\"M\u00e1quina del tiempo de videos de YouTube\"}]},{\"@type\":\"WebSite\",\"@id\":\"https:\/\/quitaraburrimiento.com\/blog\/#website\",\"url\":\"https:\/\/quitaraburrimiento.com\/blog\/\",\"name\":\"Quitar aburrimiento\",\"description\":\"blog con posts para quitar aburrimiento\",\"potentialAction\":[{\"@type\":\"SearchAction\",\"target\":{\"@type\":\"EntryPoint\",\"urlTemplate\":\"https:\/\/quitaraburrimiento.com\/blog\/?s={search_term_string}\"},\"query-input\":{\"@type\":\"PropertyValueSpecification\",\"valueRequired\":true,\"valueName\":\"search_term_string\"}}],\"inLanguage\":\"es\"}]}<\/script>\n<!-- \/ Yoast SEO plugin. -->","yoast_head_json":{"title":"M\u00e1quina del tiempo de videos de YouTube - dosis para quitar aburrimiento","robots":{"index":"index","follow":"follow","max-snippet":"max-snippet:-1","max-image-preview":"max-image-preview:large","max-video-preview":"max-video-preview:-1"},"canonical":"https:\/\/quitaraburrimiento.com\/blog\/maquina-del-tiempo-de-videos-de-youtube\/","og_locale":"es_ES","og_type":"article","og_title":"M\u00e1quina del tiempo de videos de YouTube - dosis para quitar aburrimiento","og_description":"Explora la historia de YouTube: selecciona cualquier fecha desde el 23 de abril de 2005 (d\u00eda del primer video) hasta hoy. Introduce un tema y descubre exactamente qu\u00e9 se estaba publicando en YouTube en el mes y a\u00f1o que elijas \ud83d\ude80 Viaja en el Tiempo Viaja en el Tiempo En YouTube con esta M\u00e1quina del [&hellip;]","og_url":"https:\/\/quitaraburrimiento.com\/blog\/maquina-del-tiempo-de-videos-de-youtube\/","og_site_name":"dosis para quitar aburrimiento","article_publisher":"https:\/\/www.facebook.com\/profile.php?id=61557596204538","article_modified_time":"2026-01-13T19:01:47+00:00","og_image":[{"width":1210,"height":940,"url":"https:\/\/ml5mnwlulbbd.i.optimole.com\/w:auto\/h:auto\/q:mauto\/f:best\/https:\/\/quitaraburrimiento.com\/blog\/wp-content\/uploads\/2025\/12\/Captura-de-pantalla_23-12-2025_15444_timemachinevideos.com_.jpeg","type":"image\/jpeg"}],"twitter_card":"summary_large_image","twitter_misc":{"Tiempo de lectura":"1 minuto"},"schema":{"@context":"https:\/\/schema.org","@graph":[{"@type":"WebPage","@id":"https:\/\/quitaraburrimiento.com\/blog\/maquina-del-tiempo-de-videos-de-youtube\/","url":"https:\/\/quitaraburrimiento.com\/blog\/maquina-del-tiempo-de-videos-de-youtube\/","name":"M\u00e1quina del tiempo de videos de YouTube - dosis para quitar aburrimiento","isPartOf":{"@id":"https:\/\/quitaraburrimiento.com\/blog\/#website"},"primaryImageOfPage":{"@id":"https:\/\/quitaraburrimiento.com\/blog\/maquina-del-tiempo-de-videos-de-youtube\/#primaryimage"},"image":{"@id":"https:\/\/quitaraburrimiento.com\/blog\/maquina-del-tiempo-de-videos-de-youtube\/#primaryimage"},"thumbnailUrl":"https:\/\/ml5mnwlulbbd.i.optimole.com\/w:1024\/h:796\/q:mauto\/f:best\/https:\/\/quitaraburrimiento.com\/blog\/wp-content\/uploads\/2025\/12\/Captura-de-pantalla_23-12-2025_15444_timemachinevideos.com_.jpeg","datePublished":"2025-12-23T21:05:39+00:00","dateModified":"2026-01-13T19:01:47+00:00","breadcrumb":{"@id":"https:\/\/quitaraburrimiento.com\/blog\/maquina-del-tiempo-de-videos-de-youtube\/#breadcrumb"},"inLanguage":"es","potentialAction":[{"@type":"ReadAction","target":["https:\/\/quitaraburrimiento.com\/blog\/maquina-del-tiempo-de-videos-de-youtube\/"]}]},{"@type":"ImageObject","inLanguage":"es","@id":"https:\/\/quitaraburrimiento.com\/blog\/maquina-del-tiempo-de-videos-de-youtube\/#primaryimage","url":"https:\/\/ml5mnwlulbbd.i.optimole.com\/w:auto\/h:auto\/q:mauto\/f:best\/https:\/\/quitaraburrimiento.com\/blog\/wp-content\/uploads\/2025\/12\/Captura-de-pantalla_23-12-2025_15444_timemachinevideos.com_.jpeg","contentUrl":"https:\/\/ml5mnwlulbbd.i.optimole.com\/w:auto\/h:auto\/q:mauto\/f:best\/https:\/\/quitaraburrimiento.com\/blog\/wp-content\/uploads\/2025\/12\/Captura-de-pantalla_23-12-2025_15444_timemachinevideos.com_.jpeg","width":1210,"height":940},{"@type":"BreadcrumbList","@id":"https:\/\/quitaraburrimiento.com\/blog\/maquina-del-tiempo-de-videos-de-youtube\/#breadcrumb","itemListElement":[{"@type":"ListItem","position":1,"name":"Portada","item":"https:\/\/quitaraburrimiento.com\/blog\/"},{"@type":"ListItem","position":2,"name":"M\u00e1quina del tiempo de videos de YouTube"}]},{"@type":"WebSite","@id":"https:\/\/quitaraburrimiento.com\/blog\/#website","url":"https:\/\/quitaraburrimiento.com\/blog\/","name":"Quitar aburrimiento","description":"blog con posts para quitar aburrimiento","potentialAction":[{"@type":"SearchAction","target":{"@type":"EntryPoint","urlTemplate":"https:\/\/quitaraburrimiento.com\/blog\/?s={search_term_string}"},"query-input":{"@type":"PropertyValueSpecification","valueRequired":true,"valueName":"search_term_string"}}],"inLanguage":"es"}]}},"_links":{"self":[{"href":"https:\/\/quitaraburrimiento.com\/blog\/wp-json\/wp\/v2\/pages\/1417","targetHints":{"allow":["GET"]}}],"collection":[{"href":"https:\/\/quitaraburrimiento.com\/blog\/wp-json\/wp\/v2\/pages"}],"about":[{"href":"https:\/\/quitaraburrimiento.com\/blog\/wp-json\/wp\/v2\/types\/page"}],"author":[{"embeddable":true,"href":"https:\/\/quitaraburrimiento.com\/blog\/wp-json\/wp\/v2\/users\/1"}],"replies":[{"embeddable":true,"href":"https:\/\/quitaraburrimiento.com\/blog\/wp-json\/wp\/v2\/comments?post=1417"}],"version-history":[{"count":8,"href":"https:\/\/quitaraburrimiento.com\/blog\/wp-json\/wp\/v2\/pages\/1417\/revisions"}],"predecessor-version":[{"id":1721,"href":"https:\/\/quitaraburrimiento.com\/blog\/wp-json\/wp\/v2\/pages\/1417\/revisions\/1721"}],"wp:attachment":[{"href":"https:\/\/quitaraburrimiento.com\/blog\/wp-json\/wp\/v2\/media?parent=1417"}],"curies":[{"name":"wp","href":"https:\/\/api.w.org\/{rel}","templated":true}]}}